{"id":725,"date":"2018-10-11T09:28:04","date_gmt":"2018-10-11T07:28:04","guid":{"rendered":"http:\/\/fotbal.visnove.cz\/?page_id=725"},"modified":"2021-09-21T20:14:07","modified_gmt":"2021-09-21T18:14:07","slug":"pripravka","status":"publish","type":"page","link":"http:\/\/fotbal.visnove.cz\/index.php\/pripravka\/","title":{"rendered":"Mlad\u0161\u00ed p\u0159\u00edpravka"},"content":{"rendered":"<p><strong>Tren\u00e9r:\u00a0 Josef Perli\u010dka\u00a0<\/strong><\/p>\n<p>V\u00fdsledky a rozlosov\u00e1n\u00ed najdete zde:<\/p>\n<p><a href=\"https:\/\/is.fotbal.cz\/souteze\/detail-souteze.aspx?req=43748b5a-dcac-4346-9566-59c75bff7afc\">https:\/\/is.fotbal.cz\/souteze\/detail-souteze.aspx?req=43748b5a-dcac-4346-9566-59c75bff7afc<\/a><\/p>\n\n\n<p><\/p>\n","protected":false},"excerpt":{"rendered":"<p>Tren\u00e9r:\u00a0 Josef Perli\u010dka\u00a0 V\u00fdsledky a rozlosov\u00e1n\u00ed najdete zde: https:\/\/is.fotbal.cz\/souteze\/detail-souteze.aspx?req=43748b5a-dcac-4346-9566-59c75bff7afc<\/p>\n","protected":false},"author":2,"featured_media":0,"parent":0,"menu_order":5,"comment_status":"closed","ping_status":"closed","template":"","meta":[],"_links":{"self":[{"href":"http:\/\/fotbal.visnove.cz\/index.php\/wp-json\/wp\/v2\/pages\/725"}],"collection":[{"href":"http:\/\/fotbal.visnove.cz\/index.php\/wp-json\/wp\/v2\/pages"}],"about":[{"href":"http:\/\/fotbal.visnove.cz\/index.php\/wp-json\/wp\/v2\/types\/page"}],"author":[{"embeddable":true,"href":"http:\/\/fotbal.visnove.cz\/index.php\/wp-json\/wp\/v2\/users\/2"}],"replies":[{"embeddable":true,"href":"http:\/\/fotbal.visnove.cz\/index.php\/wp-json\/wp\/v2\/comments?post=725"}],"version-history":[{"count":13,"href":"http:\/\/fotbal.visnove.cz\/index.php\/wp-json\/wp\/v2\/pages\/725\/revisions"}],"predecessor-version":[{"id":1085,"href":"http:\/\/fotbal.visnove.cz\/index.php\/wp-json\/wp\/v2\/pages\/725\/revisions\/1085"}],"wp:attachment":[{"href":"http:\/\/fotbal.visnove.cz\/index.php\/wp-json\/wp\/v2\/media?parent=725"}],"curies":[{"name":"wp","href":"https:\/\/api.w.org\/{rel}","templated":true}]}}

Mladší přípravka

<p><strong>Trenér:  Josef Perlička </strong></p>
<p>Výsledky a rozlosování najdete zde:</p>
<p><a href="https://is.fotbal.cz/souteze/detail-souteze.aspx?req=43748b5a-dcac-4346-9566-59c75bff7afc">https://is.fotbal.cz/souteze/detail-souteze.aspx?req=43748b5a-dcac-4346-9566-59c75bff7afc</a></p>


<p></p>

<p>Trenér:  Josef Perlička  Výsledky a rozlosování najdete zde: https://is.fotbal.cz/souteze/detail-souteze.aspx?req=43748b5a-dcac-4346-9566-59c75bff7afc</p>
